t -13 (base 8) to base 9.
-12
Convert -55 (base 10) to base 4.
-313
What is 127 (base 11) in base 8?
226
-25 (base 11) to base 13
-21
What is -1011011 (base 2) in base 15?
-61
Convert 4 (base 10) to base 4.
10
8 (base 13) to base 8
10
2 (base 14) to base 13
2
What is -266 (base 7) in base 5?
-1041
Convert -210 (base 3) to base 5.
-41
What is 25 (base 11) in base 9?
30
Convert 110 (base 4) to base 16.
14
Convert 20 (base 3) to base 15.
6
-4 (base 8) to base 12
-4
Convert 1001 (base 2) to base 4.
21
Convert -3 (base 8) to base 15.
-3
What is -3 (base 7) in base 10?
-3
What is 11 (base 16) in base 5?
32
Convert -304 (base 6) to base 16.
-70
What is -4 (base 12) in base 10?
-4
What is 71 (base 8) in base 3?
2010
What is -1 (base 2) in base 15?
-1
What is -133 (base 5) in base 16?
-2b
What is -2 (base 6) in base 3?
-2
-2 (base 6) to base 9
-2
b (base 16) to base 14
b
Convert 5a (base 13) to base 16.
4b
Convert 10 (base 4) to base 2.
100
7 (base 10) to base 8
7
What is -30 (base 6) in base 11?
-17
-11 (base 3) to base 12
-4
What is -4 (base 12) in base 13?
-4
What is 146 (base 9) in base 16?
7b
What is -7a (base 11) in base 13?
-69
-6 (base 14) to base 10
-6
Convert 5 (base 7) to base 15.
5
What is 0 (base 4) in base 10?
0
Convert -110 (base 3) to base 7.
-15
What is -1001 (base 2) in base 15?
-9
5 (base 10) to base 2
101
What is 63 (base 8) in base 12?
43
What is -39 (base 13) in base 15?
-33
-2 (base 15) to base 2
-10
Convert -1105 (base 6) to base 3.
-100112
What is -82 (base 11) in base 10?
-90
141 (base 5) to base 3
1201
Convert 5 (base 7) to base 9.
5
What is -10 (base 6) in base 7?
-6
213 (base 11) to base 13
169
Convert -42 (base 6) to base 8.
-32
Convert 101100110 (base 2) to base 14.
1b8
What is -10110 (base 2) in base 11?
-20
Convert -12 (base 15) to base 10.
-17
Convert -72 (base 8) to base 3.
-2011
What is 44 (base 7) in base 8?
40
Convert 31 (base 9) to base 8.
34
What is 11110 (base 3) in base 7?
231
-4 (base 14) to base 10
-4
Convert -e0 (base 16) to base 6.
-1012
Convert -121 (base 3) to base 11.
-15
Convert -1 (base 5) to base 8.
-1
1 (base 11) to base 6
1
-1 (base 9) to base 2
-1
What is 5 (base 9) in base 4?
11
0 (base 4) to base 2
0
Convert -3 (base 11) to base 9.
-3
What is -113 (base 8) in base 12?
-63
36 (base 13) to base 12
39
What is 4 (base 15) in base 10?
4
What is 102 (base 3) in base 10?
11
Convert 1 (base 2) to base 9.
1
-11 (base 5) to base 8
-6
-2 (base 14) to base 3
-2
12 (base 9) to base 15
b
Convert 3 (base 5) to base 2.
11
3 (base 4) to base 2
11
Convert 15 (base 13) to base 11.
17
What is 1323 (base 5) in base 10?
213
-9d (base 14) to base 2
-10001011
Convert -11221 (base 3) to base 6.
-341
424 (base 5) to base 13
8a
What is -2 (base 5) in base 7?
-2
29 (base 14) to base 12
31
What is 7 (base 13) in base 2?
111
Convert 0 (base 10) to base 7.
0
Convert -100001111 (base 2) to base 7.
-535
What is -e (base 16) in base 15?
-e
196 (base 12) to base 13
16b
Convert -5 (base 7) to base 14.
-5
Convert -98 (base 12) to base 15.
-7b
What is -8 (base 9) in base 2?
-1000
Convert 2d (base 15) to base 10.
43
Convert 4 (base 11) to base 16.
4
Convert -2a3 (base 12) to base 15.
-1c6
Convert -202 (base 4) to base 14.
-26
2 (base 15) to base 13
2
What is 55 (base 16) in base 8?
125
2 (base 11) to base 8
2
-a (base 11) to base 5
-20
-f0 (base 16) to base 5
-1430
-9 (base 14) to base 11
-9
5 (base 10) to base 12
5
Convert -165 (base 10) to base 15.
-b0
Convert -180 (base 10) to base 6.
-500
1101 (base 3) to base 12
31
What is 110 (base 8) in base 4?
1020
-11201 (base 3) to base 6
-331
Convert 32 (base 7) to base 16.
17
What is 20 (base 3) in base 16?
6
Convert 1301 (base 4) to base 12.
95
What is -41 (base 6) in base 10?
-25
What is -5 (base 9) in base 12?
-5
-24 (base 16) to base 2
-100100
Convert -510 (base 6) to base 3.
-20220
20 (base 3) to base 16
6
Convert -131 (base 11) to base 5.
-1110
1011 (base 5) to base 11
10a
What is 25 (base 8) in base 10?
21
0 (base 15) to base 6
0
Convert 130 (base 5) to base 13.
31
Convert 6 (base 16) to base 5.
11
Convert 8 (base 16) to base 11.
8
Convert -2 (base 7) to base 4.
-2
103 (base 6) to base 13
30
Convert -11 (base 7) to base 11.
-8
Convert -40 (base 10) to base 15.
-2a
100 (base 3) to base 16
9
What is -4 (base 6) in base 15?
-4
What is 132 (base 5) in base 6?
110
What is -1 (base 10) in base 15?
-1
2 (base 16) to base 8
2
What is 19e (base 16) in base 13?
25b
What is 64 (base 7) in base 15?
31
Convert -3 (base 4) to base 8.
-3
-2a (base 14) to base 12
-32
Convert 3 (base 8) to base 15.
3
Convert 2 (base 7) to base 6.
2
Convert 11 (base 8) to base 4.
21
What is -17 (base 11) in base 4?
-102
What is 30 (base 8) in base 13?
1b
-1 (base 2) to base 4
-1
What is -13 (base 15) in base 3?
-200
Convert 44 (base 10) to base 13.
35
What is 10 (base 4) in base 15?
4
What is 0 (base 6) in base 8?
0
Convert 2 (base 13) to base 2.
10
-45 (base 8) to base 5
-122
What is 1010 (base 2) in base 7?
13
What is 12 (base 7) in base 16?
9
-3 (base 5) to base 2
-11
What is 412 (base 5) in base 11?
98
12 (base 7) to base 3
100
158 (base 11) to base 2
10111000
What is 4 (base 7) in base 4?
10
What is -2 (base 11) in base 12?
-2
What is -178 (base 9) in base 11?
-129
What is -10 (base 5) in base 4?
-11
Convert 22 (base 4) to base 16.
a
-14 (base 5) to base 13
-9
-4 (base 13) to base 11
-4
10 (base 3) to base 2
11
Convert -65 (base 11) to base 5.
-241
Convert -111 (base 2) to base 7.
-10
Convert -2 (base 16) to base 13.
-2
Convert 12b (base 12) to base 7.
344
-55 (base 14) to base 3
-2210
-2 (base 7) to base 8
-2
Convert 1 (base 12) to base 3.
1
What is 21 (base 8) in base 16?
11
Convert 0 (base 13) to base 5.
0
-5 (base 12) to base 16
-5
Convert -4 (base 15) to base 3.
-11
What is -3 (base 8) in base 12?
-3
2 (base 10) to base 8
2
Convert 1 (base 8) to base 4.
1
-9 (base 13) to base 14
-9
What is -3 (base 6) in base 12?
-3
What is -4 (base 7) in base 15?
-4
11 (base 5) to base 16
6
What is 1001110 (base 2) in base 6?
210
11 (base 3) to base 15
4
What is 1 (base 13) in base 6?
1
Convert 12001 (base 3) to base 13.
a6
What is -13 (base 9) in base 8?
-14
3 (base 7) to base 4
3
-275 (base 9) to base 10
-230
What is 2 (base 8) in base 16?
2
What is -6 (base 15) in base 2?
-110
-4 (base 15) to base 10
-4
What is 111 (base 5) in base 15?
21
-26 (base 8) to base 16
-16
What is -1011 (base 2) in base 4?
-23
0 (base 8) to base 15
0
Convert 3 (base 16) to base 9.
3
-6 (base 7) to base 14
-6
27 (base 8) to base 16
17
Convert c (base 16) to base 15.
c
9 (base 11) to base 7
12
What is 2220 (base 3) in base 5?
303
What is -10 (base 3) in base 10?
-3
Convert 4 (base 14) to base 13.
4
11110 (base 2) to base 12
26
What is -16 (base 12) in base 4?
-102
98 (base 10) to base 6
242
Convert -1213 (base 4) to base 9.
-124
What is 456 (base 8) in base 3?
102012
-7d (base 15) to base 8
-166
8 (base 11) to base 2
1000
45 (base 7) to base 13
27
What is -40 (base 8) in base 9?
-35
Convert -b (base 16) to base 4.
-23
-20 (base 8) to base 3
-121
What is -a (base 14) in base 9?
-11
What is -1 (base 6) in base 12?
-1
464 (base 8) to base 10
308
63 (base 12) to base 2
1001011
What is -12 (base 8) in base 11?
-a
What is -13 (base 7) in base 13?
-a
What is -1001 (base 2) in base 10?
-9
What is 224 (base 8) in base 7?
301
Convert -2 (base 14) to base 8.
-2
-25 (base 9) to base 8
-27
Convert 3 (base 10) to base 15.
3
-1033 (base 4) to base 14
-59
-100101 (base 2) to base 14
-29
-34 (base 12) to base 2
-101000
-2 (base 6) to base 3
-2
Convert -211 (base 6) to base 9.
-87
What is 1 (base 9) in base 7?
1
What is 2 (base 14) in base 13?
2
Convert 33 (base 11) to base 9.
40
Convert 3 (base 5) to base 2.
11
-123 (base 6) to base 3
-1220
What is -3 (base 12) in base 6?
-3
Convert 113 (base 11) to base 2.
10000111
What is 3 (base 12) in base 8?
3
3 (base 10) to base 4
3
What is -1 (base 8) in base 3?
-1
4 (base 6) to base 12
4
131 (base 4) to base 12
25
What is -35 (base 12) in base 4?
-221
-12 (base 16) to base 15
-13
Convert -17 (base 10) to base 14.
-13
Convert -11 (base 2) to base 15.
-3
15 (base 16) to base 5
41
1 (base 2) to base 4
1
Convert -2102 (base 3) to base 7.
-122
What is f4 (base 16) in base 13?
15a
-52 (base 6) to base 12
-28
1 (base 6) to